divided by 24.
7
Calculate the remainder when 475 is divided by 42.
13
What is the remainder when 323 is divided by 151?
21
Calculate the remainder when 88763 is divided by 26.
25
What is the remainder when 12 is divided by 8?
4
What is the remainder when 3643 is divided by 228?
223
Calculate the remainder when 296 is divided by 27.
26
Calculate the remainder when 162 is divided by 28.
22
What is the remainder when 119 is divided by 22?
9
Calculate the remainder when 7497 is divided by 1071.
0
What is the remainder when 3886 is divided by 10?
6
Calculate the remainder when 558 is divided by 63.
54
Calculate the remainder when 519 is divided by 214.
91
Calculate the remainder when 1197 is divided by 40.
37
Calculate the remainder when 2140 is divided by 267.
4
Calculate the remainder when 354 is divided by 295.
59
Calculate the remainder when 36 is divided by 3.
0
What is the remainder when 367 is divided by 83?
35
What is the remainder when 1655 is divided by 69?
68
Calculate the remainder when 1039 is divided by 197.
54
What is the remainder when 627 is divided by 13?
3
Calculate the remainder when 66 is divided by 26.
14
What is the remainder when 394 is divided by 82?
66
Calculate the remainder when 22568 is divided by 228.
224
Calculate the remainder when 200 is divided by 181.
19
What is the remainder when 322 is divided by 69?
46
Calculate the remainder when 238 is divided by 35.
28
What is the remainder when 55 is divided by 15?
10
What is the remainder when 1600 is divided by 84?
4
What is the remainder when 870 is divided by 834?
36
What is the remainder when 805 is divided by 201?
1
What is the remainder when 165 is divided by 28?
25
Calculate the remainder when 1305 is divided by 161.
17
Calculate the remainder when 325 is divided by 33.
28
What is the remainder when 6851 is divided by 89?
87
What is the remainder when 314 is divided by 243?
71
Calculate the remainder when 315 is divided by 66.
51
Calculate the remainder when 297 is divided by 13.
11
Calculate the remainder when 56 is divided by 20.
16
What is the remainder when 142 is divided by 46?
4
Calculate the remainder when 568 is divided by 26.
22
What is the remainder when 235 is divided by 27?
19
What is the remainder when 88 is divided by 9?
7
Calculate the remainder when 115 is divided by 4.
3
What is the remainder when 378 is divided by 10?
8
What is the remainder when 198 is divided by 37?
13
Calculate the remainder when 204 is divided by 164.
40
What is the remainder when 320 is divided by 24?
8
What is the remainder when 63 is divided by 17?
12
What is the remainder when 6078 is divided by 190?
188
Calculate the remainder when 146 is divided by 67.
12
Calculate the remainder when 205 is divided by 54.
43
Calculate the remainder when 293 is divided by 104.
85
What is the remainder when 508 is divided by 32?
28
Calculate the remainder when 40 is divided by 37.
3
Calculate the remainder when 636 is divided by 22.
20
Calculate the remainder when 1172 is divided by 47.
44
What is the remainder when 12968 is divided by 131?
130
What is the remainder when 43 is divided by 9?
7
Calculate the remainder when 1546 is divided by 4.
2
What is the remainder when 900 is divided by 300?
0
What is the remainder when 30 is divided by 11?
8
What is the remainder when 7222 is divided by 21?
19
Calculate the remainder when 18905 is divided by 163.
160
Calculate the remainder when 214 is divided by 37.
29
Calculate the remainder when 56 is divided by 20.
16
Calculate the remainder when 78 is divided by 7.
1
Calculate the remainder when 1435 is divided by 24.
19
Calculate the remainder when 926 is divided by 235.
221
Calculate the remainder when 1306 is divided by 434.
4
What is the remainder when 2493 is divided by 52?
49
What is the remainder when 60 is divided by 5?
0
Calculate the remainder when 66 is divided by 23.
20
What is the remainder when 1053 is divided by 62?
61
Calculate the remainder when 122 is divided by 31.
29
Calculate the remainder when 404 is divided by 69.
59
Calculate the remainder when 33 is divided by 10.
3
Calculate the remainder when 3198 is divided by 128.
126
What is the remainder when 1009 is divided by 64?
49
Calculate the remainder when 162 is divided by 63.
36
Calculate the remainder when 43 is divided by 28.
15
Calculate the remainder when 510 is divided by 9.
6
What is the remainder when 335 is divided by 20?
15
What is the remainder when 116 is divided by 25?
16
What is the remainder when 991 is divided by 90?
1
Calculate the remainder when 179 is divided by 179.
0
Calculate the remainder when 2018 is divided by 43.
40
Calculate the remainder when 487 is divided by 7.
4
Calculate the remainder when 443 is divided by 7.
2
Calculate the remainder when 287 is divided by 75.
62
Calculate the remainder when 79 is divided by 14.
9
Calculate the remainder when 47 is divided by 16.
15
What is the remainder when 55 is divided by 12?
7
Calculate the remainder when 1339 is divided by 90.
79
Calculate the remainder when 1063 is divided by 51.
43
What is the remainder when 2791 is divided by 127?
124
Calculate the remainder when 2023 is divided by 1009.
5
Calculate the remainder when 783 is divided by 6.
3
Calculate the remainder when 66679 is divided by 11.
8
Calculate the remainder when 5667 is divided by 298.
5
What is the remainder when 154 is divided by 5?
4
What is the remainder when 41 is divided by 29?
12
What is the remainder when 86 is divided by 47?
39
What is the remainder when 414 is divided by 226?
188
Calculate the remainder when 1327 is divided by 16.
15
What is the remainder when 306 is divided by 106?
94
Calculate the remainder when 1188 is divided by 8.
4
Calculate the remainder when 4784 is divided by 252.
248
What is the remainder when 2474 is divided by 314?
276
What is the remainder when 814 is divided by 34?
32
Calculate the remainder when 368 is divided by 62.
58
Calculate the remainder when 19 is divided by 13.
6
Calculate the remainder when 96 is divided by 22.
8
Calculate the remainder when 985 is divided by 149.
91
What is the remainder when 81 is divided by 24?
9
What is the remainder when 1842 is divided by 238?
176
Calculate the remainder when 1465 is divided by 74.
59
What is the remainder when 677 is divided by 180?
137
Calculate the remainder when 369 is divided by 22.
17
Calculate the remainder when 91 is divided by 9.
1
What is the remainder when 283 is divided by 22?
19
Calculate the remainder when 1854 is divided by 926.
2
What is the remainder when 4610 is divided by 115?
10
What is the remainder when 365 is divided by 129?
107
Calculate the remainder when 687 is divided by 215.
42
Calculate the remainder when 46 is divided by 16.
14
Calculate the remainder when 189 is divided by 110.
79
Calculate the remainder when 474 is divided by 362.
112
What is the remainder when 287 is divided by 21?
14
What is the remainder when 292 is divided by 257?
35
What is the remainder when 79 is divided by 36?
7
What is the remainder when 1103 is divided by 41?
37
Calculate the remainder when 241 is divided by 41.
36
What is the remainder when 674 is divided by 221?
11
What is the remainder when 622 is divided by 205?
7
Calculate the remainder when 1096 is divided by 2.
0
Calculate the remainder when 3999 is divided by 58.
55
What is the remainder when 433 is divided by 195?
43
Calculate the remainder when 1334 is divided by 159.
62
Calculate the remainder when 1025 is divided by 61.
49
Calculate the remainder when 19329 is divided by 108.
105
What is the remainder when 3258 is divided by 181?
0
What is the remainder when 38 is divided by 29?
9
Calculate the remainder when 108 is divided by 5.
3
Calculate the remainder when 179 is divided by 30.
29
Calculate the remainder when 1472 is divided by 478.
38
Calculate the remainder when 21 is divided by 8.
5
Calculate the remainder when 845 is divided by 246.
107
What is the remainder when 401 is divided by 88?
49
What is the remainder when 146 is divided by 5?
1
What is the remainder when 720 is divided by 55?
5
Calculate the remainder when 257 is divided by 31.
9
Calculate the remainder when 264 is divided by 5.
4
What is the remainder when 129 is divided by 33?
30
What is the remainder when 8